 + y*q - 7*q. What is r(1)?
-7
Let g(n) = -4 + 2*n + n**2 + 5 - 6 - 2*n**2. Determine g(4).
-13
Let c(t) be the first derivative of -t**5/120 - t**4/8 + 5*t**3/3 + 5. Let r(p) be the third derivative of c(p). Give r(-4).
1
Let w(k) = -3*k + 2 + 1 - 4. Let x(t) = -t**3 + 4*t**2 - 4*t + 6. Let g be x(3). Give w(g).
-10
Suppose -x - 2*x = 3. Let k be 1 + (x - 9/(-3)). Let v(o) = o - 1. Determine v(k).
2
Let u(o) = -o**2 + 1. Suppose 0*z + 5*z = 0. Let k = z - -2. Suppose g + k = 3*g. Determine u(g).
0
Suppose 20 = -9*s - 34. Let g(z) = z**2 + 8*z + 6. Calculate g(s).
-6
Let c(u) = -u. Let x(j) = -j**3 - 4*j**2 - 5*j + 1. Let b(q) = 2*c(q) - x(q). Determine b(-3).
-1
Suppose 11 = -3*o + 4*o. Suppose -3*f + 0 + 1 = l, 3*f = 2*l - o. Let a(j) = j**2 - 5*j - 1. What is a(l)?
-5
Let c(v) be the first derivative of -v**3/3 + 2*v**2 + 3*v - 1. Let o = -1 + 7. Let p be o/(0 - 6/(-4)). Give c(p).
3
Let q(d) = -8*d - 4. Let l(n) = n. Let y(g) = -4*l(g) - q(g). Calculate y(-3).
-8
Suppose 0 = 5*j - 13 + 18. Let d(k) = 3*k**2 - 4. Let f(x) = -x**2 + 1. Let p(h) = d(h) + 5*f(h). Determine p(j).
-1
Let i(p) = 12*p - 1 + 1 - 6*p. Give i(-1).
-6
Let z(n) = 0*n**3 + n - 7*n**2 + 3*n + 11 + n**3 - 3. Suppose 4*w = 10 + 14. Calculate z(w).
-4
Let v(h) = -32*h + 1 - 7 + 31*h. Give v(5).
-11
Let j(l) = -5*l - 1. Let c(p) = -4*p. Let w(v) = -6*c(v) + 5*j(v). Suppose 7*f - 35 = 2*f. Let a = -11 + f. Give w(a).
-1
Suppose -4*g - h = -g - 15, 4*h = -5*g + 32. Let l(v) = -3*v + 6. Give l(g).
-6
Let i(m) = 2*m + 5. Suppose t = -2, 5*v = -0*t + 3*t + 6. Suppose -2*g - 8 = -0*g - k, v = 4*g + 5*k + 2. Let w(a) = a - 1. Let q be w(g). Calculate i(q).
-3
Let m(p) = p**2 + 1 - 6*p**2 + 0*p**2 + 4*p**2. Let b(c) = -5*c**2 + 5*c. Let k(u) = b(u) - 4*m(u). Calculate k(4).
0
Let w(l) = -l**2 + 10*l - 9. Let u be w(9). Let y = -7 - -9. Let x(p) = 3*p**y - 2 - 2*p**2 - p + 7. Determine x(u).
5
Let m(f) = -f**2 + 3*f - 11. Let b(h) = -h**2 + 3*h - 10. Let s(i) = 7*b(i) - 6*m(i). Give s(3).
-4
Let l(y) = 2*y. Let o(n) = -n. Suppose 1 + 2 = 3*k. Let g(f) = k*o(f) + l(f). Determine g(2).
2
Let r be ((-8)/6)/(1/(-6)). Let l(w) = -w**2 + r - 4*w + w**3 - w - 5 + 2*w. What is l(2)?
1
Suppose -3*l = 5*r + 20, -12 = 2*r - 0*l + 2*l. Let p(a) = -5*a**2 - 3*a. Let k(f) = -f + 1. Let n(m) = k(m) - p(m). What is n(r)?
4
Let f be (2/(-3))/(20/150). Let l(m) = m**3 + 5*m**2 + m + 5. Give l(f).
0
Let u(a) = a**2 - 3*a. Suppose 11*c - 9*c - 10 = 0. What is u(c)?
10
Suppose 2*s + g = 4, -2*s + 20 = 2*s + 5*g. Suppose 2*c + s*c - 8 = 0. Let p(z) = -3*z**2 - 4*z + 6*z + 2*z**2 + 1. Determine p(c).
-7
Let q(s) = -3*s**3 + 7*s**2 + s + 3. Let t(c) = 2*c**3 - 7*c**2 - c - 4. Let i(w) = -3*q(w) - 4*t(w). Calculate i(-7).
0
Let q = -46 + 50. Let n(r) be the second derivative of r**4/12 - r**3 + 5*r**2/2 + 2*r. Give n(q).
-3
Let n(f) = f - 4. Suppose 2*j + 2 = -0*j - 2*p, 5*p + 37 = 3*j. Determine n(j).
0
Let c(r) = 11*r + 1. Let n be 0 - (1 + -3)/(-2) - 0. Calculate c(n).
-10
Let x(y) = y**3 + 8*y**2 + 8*y + 5. Let u be x(-7). Let i(f) = 2. Let d(z) = -z + 1. Let q(c) = u*d(c) + i(c). Determine q(-3).
-6
Suppose -6*b = -3*b + 15. Let i be (0 - -1)/((-1)/b). Let h(g) = -g**2 + 6*g + 1. Determine h(i).
6
Let m(q) = q + 26. Let o be m(-23). Let t(n) = -3*n**2 + n + 2. Calculate t(o).
-22
Let w(t) = -3*t**2 + 1. Let b = 23 - 23. Let h be 2/(6/(b - 3)). Calculate w(h).
-2
Let j(t) = 2*t**2 - 2*t + 1. Let r(f) = f**2 + 15*f + 2. Let i be r(-15). Give j(i).
5
Let q be ((-4)/5)/(4/20). Let t be q/(-18) - (-75)/27. Let m(a) = 2*a**2 - 4*a. Calculate m(t).
6
Let f(m) be the first derivative of m**3/3 + 2*m**2 - m + 3. Calculate f(-4).
-1
Let y(k) = k**3 + 2*k + 1. Suppose 2*f + 1 = -15. Suppose 7*g = 3*g - 16. Let d be (-12)/f*g/6. Calculate y(d).
-2
Suppose -h + 12 - 6 = 0. Let p(k) be the third derivative of -k**5/60 + k**4/4 + 5*k**3/6 - 2*k**2. Calculate p(h).
5
Let s(b) = -b**3 - 5*b**2 - 4*b + 3. Let l be (-870)/(-70) + (-6)/14. Suppose 0 = 4*r - 7*r - l. What is s(r)?
3
Let c(x) = 2*x - 1. Let g(n) = -n. Let z(h) = 3*c(h) + 3*g(h). Let k(w) = -w**2 - 5*w - 3. Let o be k(-3). What is z(o)?
6
Let k(b) = -b**2 - 2*b. Let n(j) = j**2 + 2*j. Let f(o) = -4*k(o) - 6*n(o). Calculate f(-3).
-6
Let d(p) = -10*p - 7. Let r(z) = -2*z. Let v(t) = d(t) - 6*r(t). Let h = 1 + 4. Give v(h).
3
Let d(k) = k**2 - 3. Suppose -v - v = 0. Suppose 2*s + v*s + 6 = 0. Determine d(s).
6
Suppose -67 = k - 74. Let s(r) = -r**3 + 8*r**2 - 4*r + 7. Calculate s(k).
28
Let s(h) = -h - 5. Let c be s(-6). Let o(y) = 4 - 3*y - 2 + y - c. Give o(-2).
5
Suppose 4*m - 3 = n - 0, -3*m - 5*n + 31 = 0. Let b(d) be the first derivative of d**4/2 - 2*d**3/3 + d**2/2 + 2*d - 15. Give b(m).
12
Let b(h) = -h**3 - 5*h**2 - 2. Let g = -18 - -15. Determine b(g).
-20
Let h = -25 - -25. Let w(s) = 3*s**2 - s**2 + 6*s + s**3 + 5*s**2 + h*s**2 + 3. What is w(-6)?
3
Let q = -19 - -21. Suppose -l = 2*r + q*l - 2, 3*r = -l + 10. Let d(o) = o**3 - 4*o**2 + o + 1. Give d(r).
5
Let i(c) = -c**3 + 0 + 3*c - 4*c**2 + 6 + c. Let f = -222 + 218. Determine i(f).
-10
Suppose -3*f + 5*i + 27 = -15, 0 = 4*f + 4*i - 56. Let w(a) = -7*a - 1 + f*a - a. What is w(1)?
5
Suppose -5*c - 5 = 3*p, 1 = p - c - 0. Suppose s + 7 + 0 = p. Let r(w) = -w - 7. Give r(s).
0
Let z(m) be the second derivative of m**4/12 - m**3/2 - 3*m**2 - 4*m. Let y be z(4). Let p(l) = 3*l + 2. What is p(y)?
-4
Suppose 26 = 3*l + 11. Let z(v) = -3*v + 1. Calculate z(l).
-14
Let z(u) = 7*u**3 - 28*u**2 + 1. Let h(y) = -11*y**3 + 43*y**2 - 1. Let r(v) = -5*h(v) - 8*z(v). What is r(9)?
-3
Let n(r) be the second derivative of 5/6*r**3 + 0 - 1/12*r**4 - 5/2*r**2 - 3*r. Suppose -16 = g - 5*g. Give n(g).
-1
Let t(n) = 2*n - 1. Let c(p) = p. Let j(k) = 7*c(k) - 3*t(k). Determine j(-5).
-2
Let b(r) be the third derivative of r**6/120 + 2*r**5/15 + r**4/24 - 5*r**3/6 - 15*r**2. Give b(-8).
-13
Let a = -14 - -8. Let m(u) be the second derivative of u**3/3 + 3*u**2/2 - 26*u. Determine m(a).
-9
Suppose 2*z + 2*z = 16. Suppose 0 = -z*u + x + 9 - 3, -3*u = -x - 4. Let m(o) = -o**2 - o. Determine m(u).
-6
Suppose 0*r + 28 = -4*r. Let t = r - -3. Let q(x) = 5*x + 2. Let j(m) = -4*m - 3. Let h(l) = 3*j(l) + 2*q(l). Give h(t).
3
Let d(g) = g**2 - g - 5. Let m(t) = -t**3 - 7*t**2 + 6*t - 11. Let w be m(-8). Suppose -2*n + 20 = 4*o, -2*o = w*n + 2*o - 20. What is d(n)?
-5
Let y(h) be the first derivative of 1 + h - 7/2*h**2. Suppose -2 = -4*q + 2. What is y(q)?
-6
Let x = -11 + 15. Suppose 0 = x*j + 41 - 9. Let r be 2/j - (-45)/20. Let l(o) = -2*o**2 - 2. Determine l(r).
-10
Let q(o) be the first derivative of -o**4/12 - o**3/6 - 2*o**2 - 1. Let u(z) be the second derivative of q(z). Determine u(1).
-3
Let d = -10 - -8. Let b(k) = 5*k - 1. Calculate b(d).
-11
Let v(x) be the third derivative of x**5/60 - 5*x**4/24 - 3*x**3/2 + 26*x**2. Determine v(7).
5
Let i(f) = -3*f**3 - f**2 - f + 1. Let g be i(1). Let r(m) = -4*m**2 + 4*m - 4. Let j(z) = -z**2 - 1. Let b(x) = -5*j(x) + r(x). Determine b(g).
1
Suppose 8 = -5*t + t. Let c(o) = -7*o - 2. Give c(t).
12
Let t(q) = -5*q + 1. Let i(j) = j**2 - 4*j + 3. Let g be 1 + (2 - 3 - -2). Let z be i(g). Give t(z).
6
Let z(w) = 3*w - 3. Suppose 9 = -3*r - 3*y, 4*r + 8 = -y - 4*y. Let d = -5 - r. What is z(d)?
3
Let n(x) = -x**2 + 3*x - 1. Suppose -4 = w - 9. Calculate n(w).
-11
Let q(b) be the first derivative of -b**5/120 - b**4/24 + 2*b**3/3 - 1. Let w(k) be the third derivative of q(k). Determine w(4).
-5
Let g(i) = 7*i + 3. Let r(k) = -4*k - 1. Let n(q) = -3*g(q) - 5*r(q). Suppose -2*v = 4 + 4. Give n(v).
0
Let z be (2/6)/(7/693). Suppose -4*a + 4*p = a + z, 12 = -4*a - 4*p. Let j(c) = 2*c + 4. What is j(a)?
-6
Suppose -m - 3 = 4*z + 4, 3 = -5*m - 4*z. Let t(a) = 2*a - a - a**2 + 0*a**2. Give t(m).
0
Let n(y) = -y**2 - 10*y - 20. Let x be n(-6). Let t(f) = f - 7. Determine t(x).
-3
Let q(w) = 1. Let y(b) = -10*b - 1. Let o be -1 - (-2 + -2 + 1). Let m(s) = o*q(s) + y(s). Let r be 1/3*(0 - -3). What is m(r)?
-9
Let s be (-12)/(-8)*-1 + 2. Let r(l) be the second derivative of 0 + 1/20*l**5 - s*l**2 + 1/2*l**4 + 5/6*l**3 - l. Give r(-5).
-1
Let f(i) be the second derivative of i**5/20 + i**4/3 - 7*i**3/6 - 3*i**2 - 6*i. Calculate f(-5).
4
Let m(r) = r**2 - 5*r - 1. Let j(c) = -3*c - 18. Le